2, 3, 7
Let k(t) = -10*t**2 - 6*t + 2. Let f be k(3). Let y = 201 + f. List the prime factors of y.
5, 19
Suppose -14*k - 4*k + 126 = 0. List the prime factors of -9 + 1128 - 56/k.
11, 101
Let t(b) = -24*b + 218. Let l be t(9). Let z be ((-1)/1)/(1/(-2)). Suppose 0 = j, -z*j + 65 = l*o - 15. What are the prime factors of o?
2, 5
Suppose 0 = -4*a - 27 - 17. Let l(o) = 6*o + 2*o + 29 + 0*o**2 + 19*o**2 - 18*o**2. List the prime factors of l(a).
2, 31
Let j = 1538 - 859. Let s = j + -361. What are the prime factors of s?
2, 3, 53
Let z be (-26)/143 + 722/(-22). Let k = 10 - z. List the prime factors of k.
43
Let s = 540 + -263. Suppose -6*f + 365 = -s. What are the prime factors of f?
107
Let a be (-238)/1 - (-2 + -7 + 10). Let p = a + 390. Suppose -1429 = -6*d - p. List the prime factors of d.
3, 71
Suppose -953 = -k - 92. What are the prime factors of (1 + (-4)/3)/((-1)/k)?
7, 41
Let y(r) = 2*r - 8. Let z be y(6). Suppose -2*h - z*u + 100 = 0, -3*h + u + 195 = 2*h. Suppose 4*q - 14 = -f + 43, 2*f = 3*q - h. List the prime factors of q.
2, 7
What are the prime factors of 1324102/(-52)*(-150)/(-30)*2/(-5)?
127, 401
Let y(b) = -11*b - 30. Let m = 7 - 38. List the prime factors of y(m).
311
Let u = 40 - 40. Suppose u = -5*t + 17 - 2. Suppose t*s - 35 = 5*f, s - f - 2 = 9. List the prime factors of s.
2, 5
Let c(v) = 475*v**3 + 2*v**2 + 6*v - 13. List the prime factors of c(3).
2, 11, 73
Let p = 6962 + 11410. What are the prime factors of p?
2, 3, 1531
Suppose 0 = t - 11*t + 860. Let v = t + -78. Suppose v*p = -3*p + 319. What are the prime factors of p?
29
Let n = -40 - -43. Let j(o) = 29*o**2 - 4*o + 5. Let q be j(n). What are the prime factors of (-3)/(-2) - q/(-4)?
5, 13
Let j = -567 + 574. Suppose -6*l = -j*l - s + 1105, -4*l + 4444 = -2*s. List the prime factors of l.
1109
Let g(k) = 5*k**2 + 29 + 26 + 17*k + 8 - 3 + 27. List the prime factors of g(11).
3, 293
Suppose 3*k = -5*u + 196699, 2*u = 5*k - 524155 + 196406. What are the prime factors of k?
3, 21851
Suppose 0 = -5*b - 4*g + 46261, 18*g = -b + 15*g + 9261. List the prime factors of b.
3, 3083
Suppose 0 = -13*b - 8 + 60. Suppose b*u = -7*u + 6182. List the prime factors of u.
2, 281
Let t(m) = 64*m**2 + 159*m + 587. List the prime factors of t(-20).
3, 7669
Let v(w) = -4*w**2 + 35*w + 9. Let d be v(9). Suppose d = 4*m - 0*m - 300. Let p = 183 + m. What are the prime factors of p?
2, 3, 43
List the prime factors of ((4314/1)/(29 + -33))/((-9)/780).
2, 5, 13, 719
Suppose 2*v - d + 12 + 5 = 0, 0 = -4*v - 3*d - 9. List the prime factors of 1*(80 + 1 + v).
3, 5
Suppose -2 = l - 9. Suppose -d + l*s = 3*s - 12, -4*d - 2*s + 48 = 0. Suppose 0 = d*f - 6*f - 138. What are the prime factors of f?
23
Suppose 2*y - 7*y - 5 = -4*f, 4*y + 5*f + 45 = 0. Suppose -146*w = -130*w - 16. What are the prime factors of w/(-4) - (y - 818/8)?
107
List the prime factors of (-810)/4455 + 1*(-1100422)/(-22).
3, 16673
Let h(g) be the second derivative of 35*g**4/6 - g**3/2 + 7*g. Let o be 20/30*(-6)/4. List the prime factors of h(o).
73
Let i(o) = -2*o**2 - 15*o - 52. Let q be i(14). What are the prime factors of 0/((-16)/(-8)) - q?
2, 3, 109
Let x(o) = o**3 + 12*o**2 - 15*o + 18. Let h be x(-13). Let z = h - 35. Let f = z + 52. What are the prime factors of f?
61
Suppose -l - 5*h + 8960 = 0, 53620 = 14*l - 8*l + 2*h. What are the prime factors of l?
5, 1787
Let n(x) be the second derivative of -11*x**4/24 + 4*x**3/3 - 9*x**2 - 2*x. Let y(f) be the first derivative of n(f). What are the prime factors of y(-6)?
2, 37
Let q be (-1)/(-6) - 266/84. Let w(u) = -92*u + 30. List the prime factors of w(q).
2, 3, 17
Suppose -365700 = -5*q - 18*q. List the prime factors of q.
2, 3, 5, 53
Let j(n) = -5*n + 85. Let o be j(18). List the prime factors of (o - -2) + (-1 - -23*5).
3, 37
Suppose 117830 = 4*s + 2*v, 3*s - 5*v - 53250 = 35103. List the prime factors of s.
2, 7, 263
What are the prime factors of 30829250/3302 + (-12)/(-26)?
9337
Let c(z) = -14*z**3 + 7*z**2 - 4*z + 8. Let j(d) = -14*d**3 + 8*d**2 - 4*d + 10. Let f(l) = -6*c(l) + 5*j(l). List the prime factors of f(3).
2, 11, 17
List the prime factors of 1 - (-1 - -4)/(5/(-23105) + 0).
2, 1733
Suppose -2*d + 3*m = 174, m = -2 + 6. Let k = d + 61. List the prime factors of (-5)/(k/596) - 1.
2, 37
Let d(f) = -f + 5. Let q be d(-1). Let s be ((-8)/q)/((-3)/9*1). Suppose -s*x = 3*r - 163, 2*x + r + 5 = 84. List the prime factors of x.
37
Let i be (-29348)/(-14) - 4/14. Let c = -832 + i. What are the prime factors of c?
2, 79
Suppose -6*i + 67 - 13 = 0. Let q(m) = 90*m + 16. What are the prime factors of q(i)?
2, 7, 59
Suppose -230*c + 231*c = 10. Suppose 2*u + 1088 = c*u. What are the prime factors of u?
2, 17
Let v = -8871 - -12558. List the prime factors of v.
3, 1229
Let h(y) = -y**3 + 5*y**2 + 2*y + 8. Let z be h(5). Let a be (40/(-24))/((-10)/z). Suppose 0 = 2*n - 0*n, -a*n = -4*q + 236. List the prime factors of q.
59
Let v(s) = 3*s**2 - 6*s + 2. Let w be 4 + 0 - (-5 + 4). Suppose a - 4 = -2, 4*a - 33 = -w*q. List the prime factors of v(q).
47
Suppose 0 = -3*c + 13 - 1. Suppose 4*v = 3*s + 14, -c*s - 28 = -v - 2*v. List the prime factors of -4 - s/(-3)*(-102)/5.
2
Let g(x) be the second derivative of x**7/420 - x**6/180 + x**5/60 - 5*x**4/6 - 23*x. Let d(m) be the third derivative of g(m). List the prime factors of d(3).
2, 11
Suppose k + 2*y + 10 = 0, -16 = 2*k - 2*y + 28. Let w(d) = d**2 - d - 10. What are the prime factors of w(k)?
2, 83
Let s = -16 - -18. Let q = 168 + -165. Suppose -s*l + 73 = -q. List the prime factors of l.
2, 19
Suppose 7*i - 90 = -3*i. Let m(q) = q**3 - 7*q**2 - 20*q + 9. Let b be m(i). List the prime factors of (-3219)/74*(-3)/(b/(-14)).
7, 29
Suppose -28*q + 51264 = -36152. List the prime factors of q.
2, 7, 223
Let i(z) = -297*z**3 - 5*z - 29. List the prime factors of i(-3).
5, 1601
Suppose -1 = 10*p - 9*p. Let b be p/(3759/(-939) + 4). Suppose 3*o = b + 29. What are the prime factors of o?
2, 3, 19
Suppose -40*z + 44*z + 55934 = 3*x, 0 = -4*x + z + 74596. List the prime factors of x.
2, 5, 373
List the prime factors of (-39862)/(-38) - (0 + 0).
1049
Suppose 3*z + 3*o + 11 = -2*z, -2*o = 4. List the prime factors of (-3 + 17)*z/((-3)/72).
2, 3, 7
Let j(g) = -1379*g**3 + 281*g + 570. List the prime factors of j(-2).
2, 3, 5, 23
Let d(j) = -j. Let h = -60 + 61. Let l be d(h). What are the prime factors of (l/3)/(9/(-1431))?
53
Suppose p - 108 + 129 = 0. Let z be (-7)/35 + p/(-5). Suppose -4*w + 800 = z*w. What are the prime factors of w?
2, 5
What are the prime factors of ((-186484)/(-92) - 35)*((-234)/(-4))/3?
2, 3, 13, 83
Suppose -u - 2*o - 4 = 0, -o = -3*u + o + 12. Suppose -x + 2 = -0*x - 5*p, 0 = -u*p. Suppose -x*b + 95 = -61. What are the prime factors of b?
2, 3, 13
List the prime factors of 8/(16675/(-4169) + 12 + -8).
2, 11, 379
Let t be (168/(-105))/((-2)/(-40)). Let a be (t/40)/(4/(-510)). Suppose 3*x - 3*s = 246, x + 5*s - 2*s = a. What are the prime factors of x?
3, 29
Suppose 2*y + 9 = 33. Suppose y*l - 1 = 983. List the prime factors of l.
2, 41
Let q = -27060 - -105394. What are the prime factors of q?
2, 53, 739
Suppose -10*w + y - 22125 = -11*w, 5*w = -3*y + 110621. What are the prime factors of w?
22123
Let g be 2 - (28/(-3) + (-10)/15). Let f be 4/g - (-42)/9. Suppose -m - f*k = -47 - 1, 3*k + 90 = 3*m. List the prime factors of m.
3, 11
Let c be ((450/24)/5)/((-4)/16). What are the prime factors of 2/3 + (-6125)/c?
409
Let w = 207 - 207. Suppose w = h - 4*h + s + 92, 0 = -2*s + 8. List the prime factors of h.
2
Suppose -45*t + 52*t = 2534. Let b = t - 190. List the prime factors of b.
2, 43
Let g = -630 + 213. Let p = g - -1228. What are the prime factors of p?
811
Let r(x) = 24*x + 3. Let n be r(3). Let u = 9890 - 9953. Let g = u + n. List the prime factors of g.
2, 3
Let z be (-5 - (-52)/12) + (-222774)/(-9). Suppose -11*t - 3*t = -z. What are the prime factors of t?
2, 13, 17
Let s(q) = -4624*q - 3391. List the prime factors of s(-6).
7, 71
Let u be 4 + (-150)/35 + (-4)/(-14). Suppose u = -15*x + 1939 - 484. What are the prime factors of x?
97
Suppose 181774 + 20645 = 21*s. What are the prime factors of s?
3, 7, 17
Let p(b) = b**2 - 6*b + 5. Let i = 284 + -275. What are the prime factors of p(i)?
2
Suppose 50*b